 of 133899182?
3
What is the hundreds digit of 8957449162?
1
What is the hundreds digit of 3134629530?
5
What is the hundreds digit of 115433938?
9
What is the millions digit of 63388465?
3
What is the millions digit of 333429963?
3
What is the ten millions digit of 47727535?
4
What is the hundred thousands digit of 483166577?
1
What is the millions digit of 1044507381?
4
What is the units digit of 658734822?
2
What is the ten millions digit of 305861854?
0
What is the ten thousands digit of 1235349789?
4
What is the units digit of 318562780?
0
What is the ten thousands digit of 558319?
5
What is the hundreds digit of 116786004?
0
What is the ten millions digit of 73421066?
7
What is the ten millions digit of 64523008?
6
What is the hundred thousands digit of 115014762?
0
What is the billions digit of 2922110840?
2
What is the hundred thousands digit of 466841342?
8
What is the thousands digit of 24868699?
8
What is the tens digit of 923723?
2
What is the units digit of 136794475?
5
What is the ten millions digit of 60519714?
6
What is the hundreds digit of 6516720983?
9
What is the hundred thousands digit of 81472439?
4
What is the hundreds digit of 301708909?
9
What is the units digit of 772584487?
7
What is the ten thousands digit of 51614132?
1
What is the hundreds digit of 249283802?
8
What is the hundred millions digit of 224490932?
2
What is the hundred millions digit of 623118276?
6
What is the tens digit of 2283264464?
6
What is the thousands digit of 146573105?
3
What is the tens digit of 87989378?
7
What is the hundred millions digit of 1127754599?
1
What is the ten thousands digit of 144795498?
9
What is the tens digit of 158903336?
3
What is the hundred millions digit of 211002714?
2
What is the tens digit of 6106886?
8
What is the thousands digit of 6252146861?
6
What is the ten thousands digit of 39725573?
2
What is the tens digit of 54064087?
8
What is the hundred millions digit of 2001170919?
0
What is the hundred millions digit of 268153883?
2
What is the units digit of 1327670893?
3
What is the ten millions digit of 34039119?
3
What is the hundred thousands digit of 92245174?
2
What is the hundreds digit of 36559164?
1
What is the thousands digit of 103255899?
5
What is the hundreds digit of 34754904?
9
What is the hundreds digit of 1254834105?
1
What is the units digit of 544955529?
9
What is the millions digit of 182206582?
2
What is the hundreds digit of 65544513?
5
What is the ten thousands digit of 88115387?
1
What is the hundred thousands digit of 41374355?
3
What is the ten millions digit of 4843605456?
4
What is the tens digit of 12305862?
6
What is the ten millions digit of 280354350?
8
What is the units digit of 459881654?
4
What is the tens digit of 652003238?
3
What is the millions digit of 43929100?
3
What is the thousands digit of 88170716?
0
What is the units digit of 3021867883?
3
What is the hundreds digit of 27397746?
7
What is the thousands digit of 62023070?
3
What is the thousands digit of 1217359120?
9
What is the units digit of 66748996?
6
What is the ten thousands digit of 713052924?
5
What is the thousands digit of 7597896?
7
What is the ten millions digit of 61962342?
6
What is the units digit of 4281507317?
7
What is the ten thousands digit of 4314014562?
1
What is the hundred thousands digit of 365123383?
1
What is the ten millions digit of 3282720618?
8
What is the ten thousands digit of 247966679?
6
What is the tens digit of 24815528?
2
What is the thousands digit of 6180327397?
7
What is the units digit of 298238762?
2
What is the hundreds digit of 2789451894?
8
What is the ten thousands digit of 36614286?
1
What is the billions digit of 1000162029?
1
What is the hundred millions digit of 904477739?
9
What is the units digit of 160302291?
1
What is the hundreds digit of 39837883?
8
What is the thousands digit of 365023634?
3
What is the ten thousands digit of 94904659?
0
What is the hundreds digit of 449304547?
5
What is the hundred millions digit of 1543040162?
5
What is the billions digit of 5435345931?
5
What is the tens digit of 1022566478?
7
What is the thousands digit of 14558851?
8
What is the hundred thousands digit of 7219345229?
3
What is the units digit of 8095439189?
9
What is the ten millions digit of 226153462?
2
What is the units digit of 954467086?
6
What is the tens digit of 35422485?
8
What is the hundred thousands digit of 14365722?
3
What is the hundreds digit of 4522782082?
0
What is the thousands digit of 23656634?
6
What is the ten millions digit of 2024324598?
2
What is the thousands digit of 545424271?
4
What is the ten millions digit of 1729915178?
2
What is the hundreds digit of 541730506?
5
What is the tens digit of 1359634220?
2
What is the units digit of 1020183999?
9
What is the hundred thousands digit of 2169067275?
0
What is the hundred thousands digit of 31069713?
0
What is the hundred millions digit of 323038466?
3
What is the ten thousands digit of 1303891193?
9
What is the tens digit of 1606152497?
9
What is the hundreds digit of 187483767?
7
What is the tens digit of 1902716795?
9
What is the units digit of 35595313?
3
What is the millions digit of 3391258?
3
What is the ten thousands digit of 1596657749?
5
What is the millions digit of 268475952?
8
What is the hundreds digit of 106752716?
7
What is the ten thousands digit of 202611900?
1
What is the tens digit of 282922856?
5
What is the units digit of 2959259187?
7
What is the hundred thousands digit of 56842171?
8
What is the tens digit of 44999711?
1
What is the thousands digit of 4291253475?
3
What is the hundred millions digit of 151998627?
1
What is the thousands digit of 25572727?
2
What is the hundreds digit of 9181796?
7
What is the ten millions digit of 650340386?
5
What is the units digit of 3064706221?
1
What is the hundred millions digit of 4212353267?
2
What is the tens digit of 137962314?
1
What is the thousands digit of 99440475?
0
What is the hundred thousands digit of 53604285?
6
What is the ten millions digit of 567287723?
6
What is the hundred millions digit of 4115328329?
1
What is the hundred thousands digit of 674380029?
3
What is the hundred thousands digit of 668993838?
9
What is the hundreds digit of 95290519?
5
What is the ten millions digit of 2330318998?
3
What is the millions digit of 60980763?
0
What is the ten thousands digit of 29133285?
3
What is the units digit of 28070491?
1
What is the thousands digit of 168737031?
7
What is the ten thousands digit of 150325215?
2
What is the tens digit of 30704351?
5
What is the units digit of 241629721?
1
What is the units digit of 101938107?
7
What is the ten thousands digit of 4762645686?
4
What is the billions digit of 1353804320?
1
What is the hundred millions digit of 3389471977?
3
What is the tens digit of 207040373?
7
What is the thousands digit of 37043366?
3
What is the ten millions digit of 885208640?
8
What is the thousands digit of 1137019758?
9
What is the ten millions digit of 152730241?
5
What is the ten millions digit of 203430063?
0
What is the units digit of 93059210?
0
What is the units digit of 960383538?
8
What is the units digit of 81395511?
1
What is the hundreds digit of 87378530?
5
What is the ten thousands digit of 47464314?
6
What is the ten thousands digit of 976508437?
0
What is the hundred millions digit of 1086094954?
0
What is the thousands digit of 353758984?
8
What is the units digit of 3649476400?
0
What is the ten thousands digit of 46154933?
5
What is the hundred thousands digit of 97316070?
3
What is the ten thousands digit of 3972784307?
8
What is the units digit of 1467959783?
3
What is the units digit of 485178514?
4
What is the millions digit of 518181645?
8
What is the ten thousands digit of 5558170?
5
What is the tens digit of 46414391?
9
What is the hundred thousands digit of 4444915891?
9
What is the hundreds digit of 306276840?
8
What is the millions digit of 370298164?
0
What is the ten millions digit of 2721822456?
2
What is the hundred thousands digit of 2325631203?
6
What is the millions digit of 56633310?
6
What is the tens digit of 517709058?
5
What is the ten thousands digit of 39617775?
1
What is the units digit of 184953563?
3
What is the ten millions digit of 78008661?
7
Wh